on factor of 6068 and 164.
164
What is the greatest common factor of 484 and 8?
4
Calculate the highest common factor of 5096 and 16.
8
Calculate the highest common divisor of 98 and 14.
14
What is the greatest common factor of 3648 and 9?
3
Calculate the greatest common divisor of 42 and 60.
6
What is the greatest common divisor of 21 and 56?
7
What is the greatest common divisor of 41 and 1025?
41
What is the highest common factor of 20 and 2044?
4
Calculate the highest common factor of 236 and 177.
59
What is the highest common factor of 75 and 210?
15
Calculate the highest common factor of 64 and 496.
16
What is the greatest common divisor of 44274 and 282?
282
What is the highest common factor of 200 and 1040?
40
Calculate the greatest common factor of 1 and 49.
1
Calculate the greatest common factor of 2804 and 4.
4
What is the greatest common factor of 246 and 1362?
6
Calculate the greatest common divisor of 2 and 3216.
2
Calculate the highest common factor of 87 and 57.
3
What is the greatest common factor of 3141 and 2792?
349
What is the highest common divisor of 143 and 91?
13
What is the greatest common divisor of 45 and 6090?
15
What is the greatest common divisor of 91 and 161?
7
Calculate the highest common divisor of 102 and 51.
51
Calculate the highest common divisor of 40 and 45.
5
What is the highest common divisor of 30 and 426?
6
Calculate the greatest common divisor of 126 and 18.
18
What is the greatest common factor of 3 and 228?
3
What is the greatest common factor of 330 and 66?
66
What is the highest common divisor of 72 and 32?
8
What is the greatest common factor of 1748 and 92?
92
What is the highest common divisor of 6 and 578?
2
What is the greatest common factor of 1533 and 63?
21
What is the greatest common factor of 21 and 279?
3
What is the highest common factor of 621 and 1173?
69
Calculate the greatest common factor of 68 and 289.
17
What is the greatest common divisor of 665 and 1596?
133
Calculate the highest common factor of 23 and 23.
23
Calculate the highest common factor of 215 and 344.
43
Calculate the highest common divisor of 45 and 20745.
45
Calculate the greatest common factor of 72 and 2718.
18
What is the highest common divisor of 79 and 51113?
79
Calculate the highest common factor of 16 and 2096.
16
What is the highest common factor of 39 and 23127?
39
What is the greatest common factor of 65 and 117?
13
Calculate the greatest common factor of 24 and 24.
24
What is the highest common divisor of 20 and 76?
4
What is the greatest common divisor of 4753 and 833?
49
Calculate the greatest common factor of 30 and 1095.
15
Calculate the greatest common factor of 212 and 4.
4
Calculate the greatest common factor of 2 and 17.
1
What is the highest common divisor of 70 and 110?
10
What is the highest common factor of 44943 and 213?
213
Calculate the greatest common factor of 2761 and 176.
11
Calculate the highest common divisor of 632 and 79.
79
Calculate the highest common factor of 4033 and 545.
109
What is the highest common divisor of 45 and 144?
9
Calculate the greatest common factor of 105 and 225.
15
What is the greatest common factor of 288 and 1224?
72
What is the greatest common factor of 171 and 4389?
57
Calculate the highest common divisor of 1162 and 70.
14
Calculate the highest common divisor of 112 and 3584.
112
Calculate the highest common factor of 10 and 110.
10
What is the greatest common factor of 148 and 814?
74
What is the highest common divisor of 1 and 5?
1
What is the highest common factor of 4012 and 68?
68
What is the greatest common divisor of 13653 and 9?
9
Calculate the highest common divisor of 2088 and 144.
72
What is the highest common factor of 171 and 19?
19
Calculate the highest common divisor of 80 and 16960.
80
Calculate the highest common factor of 182 and 26.
26
What is the greatest common divisor of 25 and 25?
25
What is the greatest common divisor of 3998 and 1?
1
What is the greatest common divisor of 810 and 990?
90
Calculate the greatest common divisor of 819 and 77.
7
What is the highest common divisor of 14 and 3?
1
What is the greatest common divisor of 660 and 45?
15
What is the greatest common factor of 144 and 54?
18
Calculate the highest common divisor of 133 and 190.
19
What is the greatest common divisor of 28 and 2744?
28
Calculate the greatest common divisor of 27 and 1089.
9
Calculate the highest common factor of 1270 and 10.
10
What is the highest common factor of 19 and 817?
19
What is the highest common divisor of 12 and 1452?
12
What is the greatest common factor of 21140 and 56?
28
What is the highest common divisor of 58 and 2581?
29
Calculate the highest common divisor of 63 and 72.
9
Calculate the greatest common divisor of 434 and 2294.
62
What is the highest common divisor of 184 and 23?
23
Calculate the greatest common factor of 47 and 329.
47
What is the greatest common divisor of 2 and 18?
2
Calculate the highest common factor of 440 and 15.
5
What is the greatest common factor of 169 and 1742?
13
Calculate the highest common factor of 238 and 34.
34
What is the greatest common divisor of 3568 and 16?
16
Calculate the greatest common divisor of 147 and 119.
7
What is the greatest common factor of 572 and 132?
44
Calculate the highest common factor of 5096 and 104.
104
Calculate the highest common factor of 264 and 27654.
66
What is the highest common divisor of 1725 and 975?
75
Calculate the greatest common divisor of 928 and 128.
32
Calculate the greatest common factor of 19590 and 60.
30
Calculate the highest common factor of 1682 and 2146.
58
Calculate the highest common factor of 48 and 360.
24
What is the greatest common divisor of 462 and 176?
22
Calculate the highest common divisor of 24 and 36.
12
Calculate the greatest common divisor of 50 and 410.
10
What is the highest common factor of 1120 and 160?
160
What is the highest common divisor of 364 and 156?
52
Calculate the highest common factor of 18 and 2421.
9
Calculate the greatest common factor of 4 and 204.
4
What is the highest common divisor of 208 and 240?
16
What is the highest common factor of 76 and 323?
19
What is the highest common factor of 742 and 318?
106
Calculate the highest common factor of 21 and 525.
21
What is the greatest common divisor of 34 and 134?
2
Calculate the greatest common divisor of 21 and 231.
21
Calculate the highest common factor of 115 and 5.
5
Calculate the greatest common divisor of 912 and 272.
16
Calculate the highest common divisor of 2392 and 364.
52
Calculate the highest common factor of 10 and 35.
5
Calculate the highest common factor of 7 and 623.
7
What is the greatest common factor of 608 and 38?
38
What is the highest common factor of 30 and 250?
10
Calculate the highest common factor of 76 and 6.
2
What is the highest common divisor of 210 and 140?
70
What is the highest common factor of 44 and 11?
11
What is the greatest common divisor of 515 and 2987?
103
What is the highest common factor of 819 and 26?
13
Calculate the highest common divisor of 5678 and 68.
34
What is the highest common factor of 53 and 848?
53
Calculate the greatest common factor of 126 and 448.
14
Calculate the greatest common factor of 90 and 18.
18
Calculate the highest common factor of 33606 and 18.
18
Calculate the highest common divisor of 403 and 31.
31
Calculate the highest common factor of 234 and 52182.
234
Calculate the greatest common factor of 165 and 35.
5
What is the greatest common divisor of 52 and 221?
13
Calculate the greatest common divisor of 8 and 128.
8
Calculate the highest common factor of 455 and 70.
35
Calculate the greatest common divisor of 11709 and 9.
9
What is the highest common factor of 14023 and 37?
37
Calculate the highest common divisor of 16 and 144.
16
Calculate the highest common divisor of 42 and 1344.
42
Calculate the highest common factor of 1449 and 315.
63
Calculate the greatest common divisor of 120 and 31860.
60
What is the greatest common factor of 17 and 510?
17
What is the greatest common divisor of 33 and 9427?
11
What is the highest common factor of 2945 and 190?
95
What is the greatest common factor of 264 and 3608?
88
What is the highest common divisor of 774 and 3354?
258
Calculate the highest 